pose -o = m - r*m. What is the tens digit of m?
5
Suppose -11*n - 200 = -1949. What is the tens digit of n?
5
Suppose -2*a - 46 = -g, -3*a = -5*g - 2*a + 221. Let t = -17 + g. What is the units digit of t?
7
Suppose 0 = -3*r + 6, -z + 2*z - 4*r = 196. Let w = z + -103. What is the units digit of w?
1
Suppose -8*t + 7 = -9. Let r be (-5)/(-2)*(-4)/(-2). Suppose -5*a + 69 = -r*n + 209, -5*n - t*a = -140. What is the units digit of n?
8
Let t be ((-24)/36)/((-2)/9). Suppose 0 = -a - t*a + 12. Suppose -3*x = -3*b + 195, -a*b + 77 + 139 = 4*x. What is the tens digit of b?
6
Let v(h) = -6*h**3 - 2*h + 1. Let w be v(1). Let t(b) = -5*b + 13. Let p be t(w). Suppose -5*z + 2*z = -p. What is the units digit of z?
6
What is the hundreds digit of ((-19)/(-76))/((-3)/(-20820))?
7
Suppose -54*h + 12511 = -50*h + w, 4*h - w = 12513. What is the tens digit of h?
2
Let w(s) = 12*s**2 + 5*s - 7. What is the hundreds digit of w(5)?
3
Let a be (2 - 2) + 3 + 3. Suppose 161 = a*f + f. What is the units digit of f?
3
Suppose 10*n - 9*n = 0. Suppose n = 2*y - 2, 50 = 3*w + 4*y + 7. What is the tens digit of w?
1
Let x(h) = 11*h**2 + 32*h - 64. What is the tens digit of x(11)?
1
Suppose -t = -0*t - 4. Suppose -7*d = -t*d - 297. What is the units digit of d?
9
What is the hundreds digit of 3 + (-638)/(-1) + 10?
6
Let y(s) = -2 + 9*s + 1 + 7 - 1. What is the tens digit of y(5)?
5
Let b = -23 + 21. Let o be (b - -2)*1/2. Suppose o = 2*i + 21 - 93. What is the units digit of i?
6
Let y(v) = -v**3 + 3*v**2 + 3*v + 3. Let c be y(3). What is the tens digit of ((-6)/c + -2)*(-186)/5?
9
Let u be 136/24 + (-1)/(-3). What is the units digit of (u/(-4))/(8/(-16))?
3
Let b(t) = 807*t - 104. What is the thousands digit of b(4)?
3
Suppose 5*i = -5*f + 1930, 0*i = 2*f + 4*i - 782. What is the hundreds digit of f?
3
Let n(t) = 30*t. Let v be 32/16*(-1 + 2). What is the units digit of n(v)?
0
Suppose -r + 12 - 2 = -4*c, 3*r = -4*c - 2. What is the tens digit of (c/(-4))/(((-44)/(-224))/11)?
2
Let f = -18 - -8. What is the units digit of 5/f*2 + 38?
7
What is the tens digit of 164 + ((-117)/36 - (-9)/(-12))?
6
Suppose 2 + 4 = 6*p. Suppose -29 = -m - p. What is the tens digit of m?
2
Suppose 4*f = 5*n - 26370, 5216 = -2*n - 5*f + 15797. What is the units digit of n?
8
Let c = -18 - -948. What is the tens digit of c?
3
Let s be ((-2)/(-4))/(1/(-4)). Suppose 3*t + 24 = 4*c, -2*c + 6*c + 5*t - 24 = 0. What is the units digit of (s/c)/((-3)/9)?
1
Let j be (-2 + 11*-4)*1/(-2). Let t = j + 41. What is the tens digit of t?
6
What is the tens digit of (5 - (69/6 - 7))*8836?
1
Let o(t) = 5*t**2 - 13*t - 1. What is the hundreds digit of o(-6)?
2
Let f = 1653 - 632. Suppose 3*a - 5*w - 527 = a, -4*a - w = -f. What is the units digit of a?
6
Suppose -c + 4*j - 3 = -4*c, -5*j = 4*c - 4. Let i be 84/18*(-9)/c. Let a = 79 + i. What is the units digit of a?
7
Let l be 26/(-1)*-13 + 2. Let h be l/90 + 4/18. Suppose -2*b + h*c = -64, 4*c + 87 - 233 = -5*b. What is the units digit of b?
0
Let a(k) = k**2 + 5*k + 3. Let u be a(-1). Let v(t) = -4*t**3 + 2*t**2 + t. Let i be v(u). What is the units digit of 52/20 + 2/i?
3
Suppose -20470 = -41*b + 26352. What is the tens digit of b?
4
Suppose 3*l + 84 = -3*s + 7*s, s - 4*l = 8. Suppose -2*d + 5*d = -s. Let c = d - -45. What is the tens digit of c?
3
Let u = -54 + -12. Let a = 121 + u. What is the units digit of a?
5
Suppose -3*d + 36 = d. Suppose 0 = -4*i - 3*p + 55, -i + 3*p = -16 - d. Suppose -6 = 13*s - i*s. What is the units digit of s?
2
Let u(i) = i**2 - 1. Let m be u(-2). Suppose 5*b = -j - 0*j + 23, -4*b + 69 = m*j. What is the units digit of j?
3
Let w = 1087 - 560. What is the hundreds digit of w?
5
Let d = -45 - -37. Let r(i) = -13*i - 14. What is the tens digit of r(d)?
9
Let u(b) = -2*b**3 - 3*b**2 + 15*b - 20. What is the tens digit of u(-6)?
1
Suppose 4*q = 2*o - 254, 3*o = -1 + 4. What is the tens digit of (-2115)/q + (-3)/(-7)?
3
Let y be (16/20)/(4/(-10)). Let d be (9 + 1)*y/4. Let j(w) = w**2 - 4*w + 6. What is the units digit of j(d)?
1
Let k(j) = -j**2 + 6*j - 3. Let m be k(5). Suppose m*s - s + 4 = 0. What is the units digit of 2 - 11/2*s?
4
Suppose -y = -3*d + 5263, 0 = -294*d + 297*d + 3*y - 5283. What is the tens digit of d?
5
Let y(l) = 918*l**2 + 18*l - 44. What is the hundreds digit of y(2)?
6
Suppose -3*h - 11 = 5*k + 8, 0 = k - 2*h - 4. Let b be -1 + (-2 - -12) + 2. Let x = b - k. What is the tens digit of x?
1
Suppose -5*b + 5*n = -975, 4*b + n + 394 - 1149 = 0. What is the hundreds digit of b?
1
Let w(n) = n**3 + 43*n**2 - 76*n - 103. What is the units digit of w(-44)?
5
Let d(z) = -z - 8. Let b be d(-10). What is the units digit of 8 + (b - 6) + 161?
5
Suppose 3*g = -9, -5*u - 2*g = -3*u - 2. Suppose -273 = -4*q + y, 2*q - 6*q = u*y - 248. What is the tens digit of q?
6
Suppose 12340 = 5*n + 15*n. What is the hundreds digit of n?
6
Let v be (-10 + 8)*(-2)/4. Let t(h) = 35*h**2 + 2*h + 4. Let d(g) = g**2 - 1. Let k(x) = 5*d(x) + t(x). What is the tens digit of k(v)?
4
Suppose 4*y - 3*d - 2*d - 63 = 0, 0 = -2*y - 5*d + 9. Suppose -a - y + 5 = -w, -2*a = w + 8. What is the units digit of w?
2
Suppose -i + 4*r - 7 + 225 = 0, -2*i = -2*r - 412. Let j = 62 - 57. Suppose 186 = j*k + 4*u, 0 = -5*k - 5*u - 12 + i. What is the units digit of k?
4
Let p = -4327 + 7174. What is the thousands digit of p?
2
Suppose q + 337 = 5*c + 905, -2*c + 2272 = 4*q. What is the hundreds digit of q?
5
Let s be 5 + -2 + (-15)/5 + 4. Suppose 0 = s*a - 5*a + 60. What is the tens digit of a?
6
Let k(h) = -h**3 - 19*h**2 - h - 95. What is the thousands digit of k(-26)?
4
Let g(u) = -8*u**3 - u**2 + u + 1. Let h be g(-1). Suppose -11*v + h*v = -368. What is the units digit of v?
2
Let w(p) = p**3 + 40*p**2 - 53*p - 17. What is the thousands digit of w(-40)?
2
Let a(p) = -p**2 + 10*p - 11. Suppose 42*c = 41*c + 7. What is the tens digit of a(c)?
1
Suppose 4*z = 133 + 595. What is the hundreds digit of z?
1
Let d = -25 - -26. Suppose 3*n = d + 11. Suppose -j + 107 = n*j - 2*h, 0 = 2*h - 8. What is the tens digit of j?
2
Suppose 0 = y + 4*n - 1486 + 392, -3310 = -3*y + 2*n. What is the hundreds digit of y?
1
Suppose 3*y - 361 = 2*b, -2*y + 2*b = -0*b - 240. Let l be (1 + (-3)/2)*154. Let j = l + y. What is the tens digit of j?
4
Let u(x) = 13*x**2 - 5*x - 33. What is the tens digit of u(-8)?
3
Suppose 3*u + 96 = -39. Suppose -7 = -3*z - 76. Let k = z - u. What is the tens digit of k?
2
Suppose v - 3 = -a + 2*a, -4 = -4*v - 4*a. Suppose -2*g - c + 40 = 8, -v*c = -4. What is the units digit of g?
5
Let h(b) = b**3 - 10*b**2 + 12*b - 10. Let f = -7 - -15. Let j be h(f). What is the units digit of (-642)/j + 6/(-21)?
5
Let m = 44 - 39. Suppose m*h + 5 = 35. What is the units digit of h?
6
Let v(b) be the first derivative of -b**2 - 1/3*b**3 + 22*b - 5. What is the units digit of v(0)?
2
Let m(y) = 32*y**2 + 12*y - 9. Let a be m(3). Suppose -316*t = -a*t - 99. What is the tens digit of t?
9
Suppose -4*d - 4*n + 3408 = 0, 0 = -2*d + 220*n - 219*n + 1707. What is the units digit of d?
3
Let i(s) = -3*s**3 - s**2 - 3*s - 2. Let x be i(-2). Suppose 4*z = x - 4. Suppose 3*t + 4*v = v + 54, -25 = -z*v. What is the tens digit of t?
1
What is the tens digit of (-21)/(-15) - (-64779)/65?
9
What is the units digit of (482/(-4))/(2/(-100)*5)?
5
Suppose -11*q + 9263 = -9558. What is the hundreds digit of q?
7
Let h(m) = m**3 + 6*m**2 + 7*m + 8. Let u be h(-4). Let o(g) = -g**3 - 8*g**2 - 7*g. Let v be o(-7). Suppose -q + u + 12 = v. What is the units digit of q?
4
Let i(p) be the first derivative of -19*p**2/2 + 7*p - 4. Let h be i(-3). Let l = -42 + h. What is the tens digit of l?
2
What is the hundreds digit of (13 - 300/24) + 2137/2?
0
Let r = 86 + -82. What is the hundreds digit of 81*((-8)/(-6) - 0/r)?
1
Suppose -8*n = -2*n. Suppose n = 3*w - 38 - 70. What is the tens digit of w?
3
Let g be 35/15 + (-4)/(-6). Suppose -g*l + 20*l = 2176. What is the units digit of l?
8
Suppose -2*a = -3*a + 448. Suppose 5*l + v = a, l - 2*v = -7*v + 80. Suppose 5*j + l = -0*x + 5*x, -2*x - 4*j + 66 = 0. What is the units digit of x?
3
Let f be (-2)/3 + 5/(-45)*-6. Suppose -3*c - v = 3*v - 251, f = -2*c + 5*v + 129. What is the units digit of c?
7
Let f(o) = -o**3 - 9*o**2 + 11*o + 11. Wh